lse
Is 8324 a multiple of 6?
False
Does 12 divide 2654?
False
Is 478 a multiple of 6?
False
Is 384 a multiple of 11?
False
Is 2129 a multiple of 65?
False
Is 915 a multiple of 43?
False
Is 13 a factor of 3815?
False
Is 844 a multiple of 7?
False
Is 15 a factor of 646?
False
Does 27 divide 1627?
False
Does 124 divide 850?
False
Is 1344 a multiple of 6?
True
Does 3 divide 202?
False
Does 8 divide 40128?
True
Is 6 a factor of 186?
True
Is 452 a multiple of 14?
False
Does 24 divide 96?
True
Does 24 divide 8109?
False
Is 120 a multiple of 10?
True
Is 30541 a multiple of 56?
False
Does 9 divide 3343?
False
Is 193 a factor of 15223?
False
Does 17 divide 1989?
True
Is 48 a multiple of 24?
True
Is 99 a factor of 30393?
True
Is 169 a factor of 19773?
True
Is 27256 a multiple of 4?
True
Is 290 a multiple of 10?
True
Does 6 divide 90?
True
Is 1659 a multiple of 21?
True
Is 20044 a multiple of 4?
True
Does 50 divide 920?
False
Does 19 divide 8398?
True
Is 52 a factor of 1102?
False
Is 8070 a multiple of 10?
True
Does 21 divide 1185?
False
Does 3 divide 1476?
True
Is 1150 a multiple of 82?
False
Is 14235 a multiple of 57?
False
Is 14646 a multiple of 176?
False
Is 19077 a multiple of 3?
True
Is 330 a multiple of 13?
False
Is 7928 a multiple of 100?
False
Is 111 a factor of 16538?
False
Does 22 divide 12738?
True
Is 34 a factor of 34?
True
Is 5 a factor of 1183?
False
Does 10 divide 100?
True
Is 101 a factor of 28205?
False
Is 768 a multiple of 64?
True
Does 5 divide 530?
True
Is 2971 a multiple of 6?
False
Is 21 a factor of 31332?
True
Does 53 divide 3360?
False
Does 5 divide 4472?
False
Is 896 a multiple of 60?
False
Is 1512 a multiple of 54?
True
Does 22 divide 5126?
True
Is 46 a factor of 16008?
True
Is 4082 a multiple of 20?
False
Is 2840 a multiple of 71?
True
Is 15554 a multiple of 101?
True
Is 7 a factor of 490?
True
Does 32 divide 10508?
False
Does 23 divide 989?
True
Is 75 a factor of 2850?
True
Is 4562 a multiple of 72?
False
Is 63 a factor of 15561?
True
Is 79 a factor of 4107?
False
Is 24 a factor of 696?
True
Is 56 a factor of 10870?
False
Is 565 a multiple of 26?
False
Is 7 a factor of 329?
True
Is 20 a factor of 27740?
True
Is 59 a factor of 1668?
False
Is 15575 a multiple of 10?
False
Is 9954 a multiple of 66?
False
Is 61 a multiple of 3?
False
Does 18 divide 2574?
True
Is 306 a multiple of 3?
True
Is 51 a factor of 663?
True
Does 5 divide 602?
False
Is 151 a factor of 65715?
False
Is 41 a factor of 3444?
True
Does 141 divide 73743?
True
Does 27 divide 345?
False
Is 67 a factor of 228?
False
Does 21 divide 25305?
True
Does 49 divide 93786?
True
Does 51 divide 17238?
True
Is 7 a factor of 31910?
False
Is 13 a factor of 5270?
False
Does 5 divide 45?
True
Is 399 a multiple of 27?
False
Does 8 divide 5392?
True
Is 461 a multiple of 9?
False
Does 50 divide 800?
True
Does 76 divide 31844?
True
Is 2 a factor of 9?
False
Does 11 divide 4312?
True
Is 9 a factor of 38777?
False
Does 46 divide 1722?
False
Is 50512 a multiple of 26?
False
Is 170 a factor of 5492?
False
Is 523 a multiple of 4?
False
Is 53 a factor of 538?
False
Does 16 divide 576?
True
Is 23 a factor of 491?
False
Does 4 divide 145?
False
Does 244 divide 73688?
True
Is 74 a factor of 33592?
False
Is 345 a multiple of 4?
False
Does 136 divide 35088?
True
Is 14597 a multiple of 23?
False
Is 1013 a multiple of 3?
False
Is 552 a multiple of 12?
True
Is 2 a factor of 976?
True
Is 18 a factor of 792?
True
Is 5749 a multiple of 7?
False
Is 16080 a multiple of 40?
True
Does 11 divide 17083?
True
Is 24 a factor of 9816?
True
Is 115258 a multiple of 169?
True
Is 14 a factor of 4900?
True
Does 13 divide 247?
True
Is 246 a multiple of 5?
False
Does 13 divide 1040?
True
Is 13413 a multiple of 51?
True
Does 5 divide 4271?
False
Is 53 a factor of 1352?
False
Is 3146 a multiple of 22?
True
Is 31607 a multiple of 6?
False
Is 456 a multiple of 13?
False
Does 20 divide 7058?
False
Does 66 divide 820?
False
Is 65 a factor of 212?
False
Is 8 a factor of 25018?
False
Is 60 a factor of 1380?
True
Does 63 divide 5755?
False
Is 10950 a multiple of 150?
True
Does 43 divide 474?
False
Does 122 divide 786?
False
Is 2910 a multiple of 10?
True
Is 6 a factor of 3638?
False
Is 1065 a multiple of 4?
False
Is 2058 a multiple of 53?
False
Does 43 divide 1161?
True
Is 64 a factor of 19712?
True
Is 66 a factor of 880?
False
Does 14 divide 896?
True
Does 196 divide 2918?
False
Is 3956 a multiple of 43?
True
Is 74 a factor of 20378?
False
Is 8256 a multiple of 8?
True
Is 149 a factor of 12367?
True
Is 199 a multiple of 5?
False
Is 63 a factor of 7938?
True
Is 5934 a multiple of 43?
True
Does 119 divide 38175?
False
Is 1021 a multiple of 40?
False
Is 10 a factor of 75?
False
Does 19 divide 30362?
True
Is 4 a factor of 229?
False
Does 10 divide 2180?
True
Is 5763 a multiple of 113?
True
Is 970 a multiple of 97?
True
Is 9 a factor of 1575?
True
Does 5 divide 29?
False
Is 12 a factor of 51307?
False
Does 71 divide 20842?
False
Does 164 divide 18532?
True
Does 35 divide 693?
False
Does 19 divide 1330?
True
Is 261 a factor of 81171?
True
Is 9353 a multiple of 7?
False
Is 30 a factor of 1440?
True
Does 19 divide 31345?
False
Is 10 a factor of 950?
True
Is 13 a factor of 28990?
True
Is 3486 a multiple of 42?
True
Is 13 a factor of 12282?
False
Is 1830 a multiple of 30?
True
Is 46 a factor of 1350?
False
Is 36 a factor of 4968?
True
Is 25 a factor of 23175?
True
Does 41 divide 829?
False
Is 166 a multiple of 20?
False
Does 27 divide 1188?
True
Is 862 a multiple of 15?
False
Is 6 a factor of 265?
False
Is 749 a multiple of 24?
False
Is 3861 a multiple of 10?
False
Is 48 a factor of 8784?
True
Is 35 a factor of 2065?
True
Is 5 a factor of 695?
True
Is 728 a multiple of 2?
True
Does 139 divide 22240?
True
Does 29 divide 189?
False
Does 105 divide 1050?
True
Is 61 a factor of 1647?
True
Is 7120 a multiple of 178?
True
Is 3 a factor of 1724?
False
Does 143 divide 13442?
True
Does 67 divide 1273?
True
Does 15 divide 28254?
False
Is 3420 a multiple of 18?
True
Is 1464 a multiple of 61?
True
Is 20098 a multiple of 26?
True
Is 399 a multiple of 19?
True
Is 984 a multiple of 24?
True
Is 43822 a multiple of 74?
False
Is 2236 a multiple of 26?
True
Is 8 a factor of 1067?
False
Is 8 a factor of 1882?
False
Is 211 a multiple of 10?
False
Does 13 divide 866?
False
Does 6 divide 611?
False
Is 383 a multiple of 4?
False
Does 211 divide 4220?
True
Is 13 a factor of 1924?
True
Is 20 a factor of 6509?
False
Is 3112 a multiple of 8?
True
Is 1789 a multiple of 2?
False
Is 36 a factor of 6720?
False
Does 3 divide 3516?
True
Is 12010 a multiple of 10?
True
Does 6 divide 126?
True
Does 17 divide 612?
True
Is 2895 a multiple of 18?
False
Does 134 divide 19560?
False
Does 40 divide 4280?
True
Is 4759 a multiple of 40?
False
Does 135 divide 4853?
False
Is 9434 a multiple of 106?
True
Does 67 divide 10117?
True
Does 30 divide 10740?
True
Does 13 divide 96?
False
Is 33 a factor of 1091?
False
Does 232 divide 25106?
False
Does 26 divide 54054?
True
Is 441 a multiple of 2?
False
Is 20 a factor of 117?
False
Does 92 divide 17388?
True
Does 7 divide 3881?
False
Is 16 a factor of 1750?
False
Does 11 divide 4653?
True
Is 9 a factor of 3582?
True
Is 110 a factor of 220?
True
Is 1740 a multiple of 4?
True
Is 57 a factor of 32600?
False
Is 1992 a multiple of 24?
True
Is 36 a factor of 360?
True
Is 23 a factor of 22287?
True
Is 7168 a multiple of 112?
True
Is 17299 a multiple of 17?
False
Does 7 divide 2177?
True
Is 3 a factor of 10892?
False
Is 12 a factor of 192?
True
Does 76 divide 684?
True
Is 33 a factor of 3621?
False
Does 28 divide 4764?
False
Is 3994 a multiple of 14?
False
Is 24 a factor of 844?
False
Is 156 a factor of 8517?
False
Is 64500 a multiple of 12?
True
Does 7 divide 26802?
False
Does 109 divide 28112?
False
Does 25 divide 1725?
True
Is 208 a factor of 23296?
True
Is 111 a factor of 37450?
False
Is 5 a factor of 1894?
False
Is 18 a factor of 3096?
True
Is 4350 a multiple of 5?
True
Does 147 divide 36924?
False
Is 159 a factor of 5565?
True
Is 32 a factor of 60405?
False
Is 3332 a multiple of 52?
False
Is 96 a factor of 4128?
True
Is 175 a factor of 28000?
True
Is 14 a factor of 1369?
False
Is 7 a factor of 6455?
False
Is 13 a factor of 325?
True
Is 